o base 7.
33602300
Convert -2e26bb (base 15) to base 10.
-2235776
Convert 11101011111101111 (base 2) to base 10.
120815
-100000010110111000000 (base 2) to base 9
-1885387
What is 41241 (base 16) in base 9?
446003
What is 1022 (base 3) in base 13?
29
-180141 (base 10) to base 12
-882b9
Convert -10ed2db (base 15) to base 6.
-1112141442
3223140 (base 5) to base 6
1101403
227c7a (base 16) to base 9
4224231
42a6b6 (base 12) to base 6
34340350
1100011111100101110 (base 2) to base 13
114457
What is e38dab (base 15) in base 6?
1023433055
What is -900751 (base 16) in base 14?
-1379c65
-f903a7 (base 16) to base 10
-16319399
What is -4a163 (base 11) in base 14?
-1c396
-20144411 (base 5) to base 15
-33221
-1c5318c (base 13) to base 10
-9432006
20001202110 (base 4) to base 15
2b8399
-42214422 (base 7) to base 5
-1403121234
771a02 (base 13) to base 14
52d64b
-5051253 (base 7) to base 12
-24b789
What is -12230220230 (base 4) in base 3?
-10022012100122
Convert -10011100011101111001 (base 2) to base 8.
-2343571
2350588 (base 9) to base 12
514a5b
44022 (base 9) to base 10
29180
23131322312 (base 4) to base 6
144233142
Convert 1055035 (base 6) to base 2.
1101001111011111
-16653 (base 7) to base 14
-1a63
What is 3534455 (base 6) in base 14?
4ad91
What is 2657a8 (base 11) in base 2?
1100101111100100000
Convert -1121121110112 (base 3) to base 11.
-5369a8
What is 35145760 (base 8) in base 12?
2691754
Convert 2010014 (base 5) to base 8.
76214
-9876a59 (base 11) to base 6
-1415425124
What is -2789a1 (base 14) in base 5?
-322242132
-111011100010110000111011 (base 2) to base 6
-1314315215
What is 164415560 (base 7) in base 5?
10334421121
-2122211212020 (base 3) to base 7
-15006624
What is 13102032311 (base 4) in base 8?
7221665
Convert 202020010 (base 3) to base 15.
4580
What is 5729571 (base 10) in base 7?
66462201
What is 5233450 (base 6) in base 3?
110212210110
What is -111010100011011001 (base 2) in base 6?
-5050201
-315587 (base 14) to base 7
-20111130
Convert 3002532 (base 6) to base 13.
4bcc5
Convert bb1 (base 13) to base 15.
8d8
What is -4a3e6 (base 15) in base 7?
-2005242
What is 21250540 (base 7) in base 13?
4b51a0
What is -1434044224 (base 5) in base 3?
-21011211222012
What is 20222121210 (base 3) in base 10?
137505
4102444122 (base 5) to base 13
192b108
Convert -11201243 (base 6) to base 2.
-1010011100110111011
-122333021032 (base 4) to base 12
-2451b7a
-ab9 (base 13) to base 10
-1842
-97446 (base 16) to base 3
-1011110220210
6af173 (base 16) to base 4
122233011303
8315b0 (base 13) to base 14
598c32
241301323 (base 5) to base 10
1118963
Convert -51d2b6 (base 14) to base 5.
-1201420020
What is 133111103 (base 4) in base 5?
13101324
Convert 4392d (base 16) to base 9.
461604
Convert -1210202011202 (base 3) to base 2.
-11101010010000000100
What is 3721572 (base 8) in base 15?
153a10
-102230302 (base 5) to base 7
-3440604
Convert -6dc93a (base 15) to base 2.
-10100000011011011111011
Convert 373a29 (base 11) to base 10.
590874
-60248 (base 12) to base 15
-26e75
What is 3173100 (base 9) in base 15?
23927c
What is -14b1b41 (base 12) in base 8?
-20044041
299c4 (base 14) to base 9
166830
What is 55323536 (base 7) in base 12?
1718098
-213220102 (base 4) to base 5
-20143242
Convert 232550005 (base 7) to base 9.
28863201
What is -27663 (base 10) in base 6?
-332023
What is 30211223233 (base 4) in base 16?
325aef
1181913 (base 10) to base 6
41155453
Convert 1431100422 (base 5) to base 13.
a1c5c6
Convert -992a9 (base 16) to base 2.
-10011001001010101001
Convert -101011111011000000110 (base 2) to base 10.
-1439238
Convert -1234311231 (base 5) to base 12.
-1028115
What is -1234396 (base 10) in base 13?
-342b17
4111352 (base 7) to base 8
1675533
Convert -4253022 (base 9) to base 3.
-11021210000202
Convert -77053 (base 16) to base 9.
-822654
What is -653332 (base 9) in base 12?
-169532
-1a9e1 (base 16) to base 14
-2ba37
Convert 202043233 (base 5) to base 13.
227215
What is 10d4216 (base 16) in base 7?
302663235
What is 100100110110011010110 (base 2) in base 11?
755247
2122300102 (base 4) to base 10
633874
What is 5b26d (base 14) in base 6?
4435133
What is -34b8d3 (base 15) in base 9?
-4660400
3302034 (base 6) to base 11
102034
Convert 133195 (base 12) to base 9.
532115
-5337664 (base 8) to base 16
-15bfb4
What is -8156912 (base 11) in base 4?
-312333133120
What is 4901c (base 15) in base 11?
149a8a
Convert 100122222112102 (base 3) to base 15.
6b70b8
What is 24664405 (base 7) in base 11?
12968a7
-1000011010011010001 (base 2) to base 5
-32310130
-11111100010101011000 (base 2) to base 9
-1844700
-5414641 (base 8) to base 2
-101100001100110100001
Convert -297b3 (base 13) to base 8.
-230620
What is 8b1a91 (base 15) in base 11?
3823a55
Convert 11001111100110000011 (base 2) to base 5.
204202212
Convert 10100001011101 (base 2) to base 14.
3aa1
-15604 (base 15) to base 5
-4200404
799084 (base 11) to base 8
4662635
-432242402 (base 5) to base 14
-35b787
-532217 (base 12) to base 8
-4776663
-42d1 (base 16) to base 5
-1021410
-150315234 (base 7) to base 14
-14695c4
What is 1165212 (base 7) in base 9?
248626
-11010012201 (base 3) to base 15
-1904d
What is -105245102 (base 6) in base 7?
-22305446
Convert -173714 (base 9) to base 2.
-11010010011011111
-516253 (base 7) to base 3
-11111120121
What is 1112303231 (base 4) in base 16?
56ced
Convert -14756535 (base 10) to base 9.
-30681140
What is 1558874 (base 10) in base 7?
16151552
Convert 125105 (base 7) to base 8.
55522
What is 35632 (base 14) in base 2?
11111110010001100
What is 1216050 (base 9) in base 11?
411292
Convert 83849 (base 11) to base 2.
11101110100011110
2020022222 (base 3) to base 16
abce
Convert -361b161 (base 12) to base 14.
-1571305
What is -226226 (base 9) in base 7?
-1103601
What is 11aa0b1 (base 12) in base 2?
1101001100101000000101
What is 4216026 (base 7) in base 11?
318205
-95a2ab (base 14) to base 12
-1840627
4a413 (base 16) to base 6
10304031
What is -545ca2 (base 13) in base 9?
-3653302
c6cc28 (base 14) to base 9
13571623
Convert 3473124 (base 9) to base 7.
21653236
-1432460 (base 7) to base 13
-69b06
What is 1362326 (base 11) in base 3?
11102011120120
-705160 (base 10) to base 13
-1b8c71
Convert 162147 (base 8) to base 15.
124d1
-38086 (base 11) to base 13
-1bb60
-1010010110011010000011 (base 2) to base 8
-12263203
-2000212210120 (base 3) to base 9
-2025716
What is 10020230321 (base 4) in base 15?
1663b2
22554235 (base 7) to base 8
7433020
What is 34242023 (base 6) in base 4?
3333300333
What is 6a010 (base 11) in base 14?
28c23
What is -1231333102 (base 5) in base 11?
-1766a61
Convert -867361 (base 12) to base 7.
-24041062
Convert -596975 (base 10) to base 9.
-1108805
What is 327890 (base 10) in base 4?
1100003102
Convert -2031221332 (base 4) to base 16.
-8da7e
Convert 7b597 (base 12) to base 3.
22101022221
3441176 (base 10) to base 9
6424358
29508 (base 16) to base 12
81b20
Convert 5480258 (base 11) to base 6.
542102242
What is 1000001001011011001 (base 2) in base 13?
94691
-74871 (base 12) to base 14
-3dc21
Convert 1427c (base 15) to base 8.
176264
Convert 131105055 (base 7) to base 14.
117cc65
Convert 4401100 (base 5) to base 14.
1d55c
Convert 223606 (base 10) to base 11.
142aa9
Convert 45166440 (base 7) to base 5.
2000302122
-f1394 (base 16) to base 10
-988052
What is -30b9a (base 13) in base 6?
-1513513
What is 270854 (base 11) in base 15?
86196
Convert 10112120121001 (base 3) to base 15.
27261d
What is 672115 (base 8) in base 14?
5c701
-12002220200110 (base 3) to base 7
-32034120
What is 2212233 (base 5) in base 11?
26979
What is -1086109 (base 10) in base 7?
-12142333
-100001111011100110011 (base 2) to base 14
-20d2a7
Convert -1d23c (base 15) to base 8.
-271437
-213210302 (base 5) to base 2
-11011110111100110010
1153ca (base 14) to base 15
ba06b
What is 1102222011220 (base 3) in base 15?
102410
What is -344242102 (base 5) in base 14?
-2c703c
What is 266254 (base 11) in base 8?
1460673
What is -161c7a (base 14) in base 15?
-1042d4
What is 5ba148 (base 13) in base 7?
24432051
What is -2bdc7 (base 14) in base 16?
-1acab
What is 105208 (base 12) in base 10?
257768
What is -1632533 (base 7) in base 8?
-672531
What is -1111100100110101110111 (base 2) in base 8?
-17446567
What is 31423120 (base 6) in base 10?
92